9
381 (base 14) to base 16
2bd
13303302 (base 4) to base 9
47780
Convert -11402 (base 5) to base 11.
-705
What is 20432 (base 6) in base 5?
42011
What is -1101101010 (base 2) in base 7?
-2356
What is 2788 (base 9) in base 6?
13425
What is -1442333 (base 5) in base 7?
-156200
What is c8aa (base 15) in base 9?
64217
Convert 11431 (base 5) to base 9.
1162
157 (base 13) to base 9
287
-c79 (base 15) to base 6
-21010
What is 18736 (base 10) in base 2?
100100100110000
Convert -162 (base 11) to base 12.
-139
-d455 (base 14) to base 8
-107263
Convert 25064 (base 9) to base 11.
11706
Convert 202 (base 9) to base 12.
118
What is 5b87 (base 14) in base 8?
37173
What is -2130 (base 8) in base 14?
-596
146a3 (base 12) to base 9
43246
Convert -26971 (base 11) to base 10.
-38435
60300 (base 8) to base 13
b373
What is 32210 (base 4) in base 3?
1021112
What is -10111101010011 (base 2) in base 10?
-12115
What is bac (base 14) in base 5?
33213
111110110110011 (base 2) to base 4
13312303
What is -1098 (base 15) in base 8?
-6676
What is -111001120 (base 3) in base 12?
-5613
-1b3 (base 16) to base 11
-366
-334 (base 10) to base 2
-101001110
16276 (base 10) to base 13
7540
Convert 971 (base 12) to base 16.
565
Convert 21014 (base 11) to base 3.
1120000101
Convert 614 (base 16) to base 2.
11000010100
Convert 310111 (base 4) to base 7.
12523
Convert -602 (base 11) to base 14.
-3a0
-1130 (base 4) to base 2
-1011100
26804 (base 10) to base 2
110100010110100
-683 (base 11) to base 9
-1107
22ca (base 14) to base 13
29b0
1690 (base 14) to base 6
30422
What is 210223 (base 5) in base 7?
26141
3627 (base 14) to base 3
110221202
Convert 11100 (base 7) to base 15.
c63
What is -23417 (base 9) in base 8?
-36441
What is 21432 (base 6) in base 2?
101110011100
50b3 (base 12) to base 6
104343
What is 1034 (base 9) in base 8?
1370
-13263 (base 7) to base 12
-2099
What is 1111111121 (base 3) in base 11?
20203
What is -8351 (base 10) in base 12?
-49bb
-103444 (base 6) to base 5
-233341
1010001111010111 (base 2) to base 15
c663
Convert -9762 (base 10) to base 7.
-40314
What is 10000010011111 (base 2) in base 5?
231401
Convert -a89 (base 11) to base 5.
-20212
What is 2021 (base 3) in base 9?
67
What is -15c (base 15) in base 3?
-102120
What is 8024 (base 10) in base 16?
1f58
What is 10101010110 (base 2) in base 7?
3661
What is 33313 (base 4) in base 3?
1101121
What is 8b71 (base 14) in base 12?
12013
1010000001011 (base 2) to base 12
2b77
Convert 3101133 (base 4) to base 2.
11010001011111
1000111001 (base 2) to base 5
4234
Convert 7255 (base 9) to base 7.
21332
Convert d69 (base 14) to base 4.
221101
What is -1777 (base 10) in base 9?
-2384
3f3e (base 16) to base 9
24178
-97a (base 11) to base 3
-1121120
What is 105310 (base 7) in base 14?
6b40
Convert -6960 (base 10) to base 7.
-26202
626 (base 7) to base 11
266
What is -66066 (base 7) in base 8?
-40200
1020200 (base 3) to base 12
639
101001111000011 (base 2) to base 4
11033003
12210 (base 4) to base 13
264
Convert -1222202 (base 3) to base 13.
-878
Convert -110100000101000 (base 2) to base 7.
-140511
Convert -9379 (base 12) to base 8.
-37315
Convert 424 (base 14) to base 3.
1010020
Convert -1100011011 (base 2) to base 9.
-1073
-1000010001110 (base 2) to base 10
-4238
Convert -2156 (base 7) to base 8.
-1410
What is 2409 (base 12) in base 15?
12e6
What is 2200020 (base 3) in base 12?
1166
-3b0c (base 13) to base 3
-102121102
What is -95a (base 14) in base 8?
-3464
Convert 203601 (base 7) to base 16.
887a
29812 (base 11) to base 15
c7b2
What is -2001 (base 8) in base 13?
-60b
What is -10636 (base 7) in base 14?
-dc6
Convert 201414 (base 5) to base 9.
8804
10000000001100 (base 2) to base 11
6189
Convert 62b (base 12) to base 8.
1603
Convert 51421 (base 8) to base 10.
21265
What is 5011 (base 7) in base 5?
23343
Convert a95 (base 15) to base 5.
34030
120001112 (base 3) to base 7
44000
Convert -210 (base 8) to base 2.
-10001000
What is -2064 (base 11) in base 10?
-2732
Convert 1001100 (base 3) to base 13.
46b
Convert -35c (base 16) to base 11.
-712
What is -16a4 (base 15) in base 10?
-4879
What is 58b5 (base 13) in base 5?
344420
What is -320102 (base 4) in base 14?
-1454
4039 (base 12) to base 16
1b2d
1d0c (base 16) to base 12
4378
What is -2531 (base 10) in base 13?
-11c9
What is -47 (base 16) in base 15?
-4b
Convert 17866 (base 9) to base 7.
51033
What is -a342 (base 11) in base 3?
-200211010
-935 (base 15) to base 11
-1617
Convert 888 (base 10) to base 6.
4040
Convert 12221030 (base 4) to base 14.
9cba
Convert 31 (base 11) to base 10.
34
What is -fed (base 16) in base 11?
-3077
-10432 (base 9) to base 7
-26105
What is 324311 (base 5) in base 12?
659a
870 (base 11) to base 10
1045
What is -2341 (base 6) in base 12?
-3b1
What is 3210020 (base 4) in base 3?
202000202
What is 49743 (base 10) in base 2?
1100001001001111
Convert -643 (base 9) to base 10.
-525
-211124 (base 5) to base 3
-100122201
What is 17ab5 (base 13) in base 15?
d86d
What is 1111100000 (base 2) in base 3?
1100202
What is -11230 (base 4) in base 13?
-220
Convert -253 (base 15) to base 2.
-1000010000
1402 (base 7) to base 4
20131
-35b (base 13) to base 4
-21013
1f88 (base 16) to base 12
4808
What is 1409 (base 15) in base 4?
1002330
3221122 (base 4) to base 2
11101001011010
Convert -2039 (base 12) to base 6.
-24113
Convert -111011001100011 (base 2) to base 9.
-45514
What is 1101111010 (base 2) in base 15?
3e5
What is -6660 (base 16) in base 7?
-136260
Convert 2412 (base 5) to base 8.
545
Convert 341060 (base 7) to base 12.
2ab62
What is -1463 (base 13) in base 9?
-4042
Convert -1100111000 (base 2) to base 4.
-30320
-6628 (base 13) to base 5
-423410
What is -120101 (base 3) in base 6?
-1531
Convert -23532 (base 7) to base 10.
-6099
Convert -10033 (base 4) to base 12.
-1a7
Convert -4202 (base 5) to base 6.
-2320
Convert 434 (base 6) to base 5.
1131
Convert 1170 (base 8) to base 6.
2532
What is 1110000001 (base 2) in base 11?
746
What is -2444244 (base 5) in base 15?
-dd19
What is 22402 (base 8) in base 13?
440a
Convert 102145 (base 7) to base 9.
26087
-45d8 (base 16) to base 13
-81a5
Convert -1b73 (base 15) to base 12.
-3546
Convert -101001210 (base 3) to base 13.
-3456
Convert 3320 (base 6) to base 2.
1100000000
33602 (base 8) to base 15
4325
What is -537 (base 11) in base 7?
-1611
What is -8244 (base 12) in base 4?
-3131110
Convert 714 (base 14) to base 16.
56e
Convert 182 (base 16) to base 15.
1ab
12a9 (base 13) to base 12
166a
Convert 25573 (base 8) to base 15.
3471
2164 (base 7) to base 14
3db
Convert 12422 (base 8) to base 5.
133034
Convert -16564 (base 7) to base 15.
-161a
What is -36325 (base 8) in base 9?
-23323
Convert -36511 (base 9) to base 15.
-73b7
Convert 3432 (base 10) to base 5.
102212
-2101 (base 10) to base 3
-2212211
Convert -e2b8 (base 15) to base 9.
-72602
-15144 (base 11) to base 5
-1141330
Convert -3502 (base 6) to base 16.
-33e
What is -8aa0 (base 12) in base 11?
-10616
What is 40012 (base 5) in base 7?
10211
102122 (base 3) to base 6
1242
Convert -321 (base 8) to base 6.
-545
Convert 66d (base 16) to base 3.
2020221
Convert -1012033 (base 4) to base 11.
-3417
Convert 1556 (base 10) to base 16.
614
-111001111101111 (base 2) to base 5
-1422204
What is 1032 (base 4) in base 11?
71
What is -46747 (base 9) in base 10?
-31228
-8180 (base 10) to base 16
-1ff4
What is 383 (base 16) in base 2?
1110000011
Convert -1444 (base 10) to base 9.
-1874
What is 522 (base 8) in base 3?
110112
Convert 1369 (base 12) to base 14.
b61
2205 (base 6) to base 11
423
1514 (base 10) to base 16
5ea
24c0 (base 15) to base 4
1322112
-32205 (base 7) to base 5
-223432
10000000100100011 (base 2) to base 5
4101302
What is 310022 (base 4) in base 12?
1b22
Convert -111111001100 (base 2) to base 4.
-333030
What is -46910 (base 10) in base 7?
-253523
Convert 152 (base 13) to base 7.
455
What is 20011 (base 3) in base 6?
434
1210100102 (base 3) to base 12
18492
-406 (base 16) to base 8
-2006
Convert bac (base 15) to base 4.
221031
Convert -2a7 (base 13) to base 16.
-1db
15 (base 7) to base 16
c
What is -200210 (base 3) in base 15?
-23c
-1223 (base 8) to base 12
-46b
-358 (base 10) to base 9
-437
243003 (base 8) to base 14
225b5
3201 (base 4) to base 12
169
What is 10110001110001 (base 2)